vided by 18?
6
Let c = -5 + 9. Suppose 0 = 5*l + 2*v + 425, -4*l + 10 = -3*v + 350. Let q = l + 92. What is the remainder when q is divided by c?
3
Let x(k) = k**3 + 17*k**2 - 5*k - 29. What is the remainder when 388 is divided by x(-17)?
52
Let r = 302 + -266. Calculate the remainder when 791 is divided by r.
35
Let x(z) = -18*z**3 - 2*z**2 - z. What is the remainder when 66 is divided by x(-1)?
15
Suppose 0 = 5*i + 2*x - 223, -4*x = 7*i - 8*i + 49. What is the remainder when 494 is divided by i?
44
Let s = -111 - -57. Let a = 58 + s. Suppose -6 = -x + 4. What is the remainder when x is divided by a?
2
Let n be (-6)/(-4)*(-14)/21. Let j = 27 - 17. Calculate the remainder when 0 - 1 - (n + -27) is divided by j.
7
Suppose 284 = -18*q - 346. Let g = 80 - 32. Let t = q + g. Calculate the remainder when 50 is divided by t.
11
Suppose -p + x + 453 = 0, 1359 = 2*p - 5*x + 453. What is the remainder when p is divided by 57?
54
Suppose 7*t - t - 174 = 0. Calculate the remainder when 113 is divided by t.
26
Suppose -4*v - 2*y + 6 = 0, 3 + 4 = 3*v + 4*y. Suppose -2*m + 3*i + 11 = -m, -5 = -m + i. Suppose m*t + 0 = 4. Calculate the remainder when t is divided by v.
0
Let v(m) = -m**2 + 13*m - 26. Calculate the remainder when 65 is divided by v(8).
9
Let x be -1 + -1 - (-10 - -2). Let r(o) = 2*o**2 - 6*o - 1. Let q be r(x). Suppose 0*u = u - q. Calculate the remainder when u is divided by 18.
17
Suppose -12 = -4*g + 72. Let d(u) = 3*u + 27. Let h be d(-11). Let x = h + 18. What is the remainder when g is divided by x?
9
Let q(u) = u**2 - u + 12. Let b be q(0). Suppose 3*a - 12 = -3*w, a + 3*w = -2*w + b. Calculate the remainder when 8 is divided by a.
0
Suppose -3*f + 79 = -o, -6*f - 106 = -10*f + 2*o. Calculate the remainder when 206 is divided by f.
24
Let r = 374 + -374. Let w(y) = -y**2 + 3*y - 2. Let v be w(2). Suppose 5*x - 180 + v = r. Calculate the remainder when x is divided by 13.
10
Let i = 257 - 211. What is the remainder when 826 is divided by i?
44
Calculate the remainder when (-15)/6*-53*12/30 is divided by 22.
9
Suppose -o - g + 3 = -0*o, 0 = 5*o + 3*g - 15. Let n(b) = -164 + 322 - 162 + 2*b**3 - 3*b. What is the remainder when n(o) is divided by 22?
19
Let o(v) be the third derivative of v**5/30 - 5*v**4/24 - v**3 - 4*v**2. Let i = 61 + -40. Calculate the remainder when i is divided by o(4).
3
Suppose -3*h + 4 = 2*u + 2*h, 2*u + 2*h = 10. What is the remainder when 17 is divided by u?
3
Suppose 48*v - 6944 + 2144 = 0. Calculate the remainder when v is divided by 77.
23
Suppose a = 17*a - 8960. Calculate the remainder when a is divided by 47.
43
Let y(h) = -2*h + 49. Suppose -r - 3 + 4 = 0. What is the remainder when y(9) is divided by (-1)/((-4)/68)*r?
14
Let a(n) = -n**3 + 12*n**2 - 12*n + 12. Let s be a(11). What is the remainder when ((-30)/4 + 1)*-2 is divided by 1*(10*-1)/((-2)/s)?
3
Let v(w) = w**3 + 3*w**2 - 27*w + 2. What is the remainder when 396 is divided by v(5)?
61
Let x be 8/(-12)*27/(-6). Suppose -x*l = k + 3, -3*k + 14 = k - l. Suppose -k*n = -8*n + 90. Calculate the remainder when n is divided by 5.
3
Let o = 15 + 11. Let x be 26/4*4/(-2). Let h(p) = -5*p - 17. Calculate the remainder when h(x) is divided by o.
22
Let y(s) = 10*s - 28. Let h be y(11). Let t = -73 + h. What is the remainder when 9 is divided by t?
0
Suppose 10*t = 6*t + 8. Suppose 0 = t*h + 3*h - 70. Calculate the remainder when 1/2 - 154/(-4) is divided by h.
11
Let r = 146 - 90. Suppose -7 + 47 = 3*p - 2*m, 4*p - r = 4*m. Calculate the remainder when (34/(-3))/(1/(-3)) is divided by p.
10
Let z = -395 - -406. Calculate the remainder when 19 is divided by z.
8
Suppose 8 = 2*v + 2*v. Suppose v*w = 2, -5*a - w + 83 = 2*w. Calculate the remainder when 47 is divided by a.
15
Suppose 1 = a + 6. Let m = a - -48. Calculate the remainder when m is divided by 6/(4/(-10)*-1).
13
Suppose 3*i - 34 = t, i - 4*t = -0*t + 4. Let b be (-2)/6 + 565/3. Suppose -m - 3*m = -b. What is the remainder when m is divided by i?
11
Suppose 0 = 11*b - 9*b - 3*l - 97, 4 = 4*l. What is the remainder when 97 is divided by b?
47
Suppose 2*a = -8*a + 8080. Calculate the remainder when a is divided by 102.
94
Let b(r) = 2*r**3 + 16*r**2 + 26*r + 27. Calculate the remainder when b(-5) is divided by 12.
11
Let z = -130 - -260. Suppose -u = 5*j - 64, 2*j - 23 = 3*u - z. Suppose -5*q - 4*w + u = 5, 70 = 5*q - 5*w. Calculate the remainder when 17 is divided by q.
7
Suppose 2*b + 1 = 19. Suppose -3*l - l + 16 = 0, 3*l = 5*s + 82. Let m = 38 + s. What is the remainder when m is divided by b?
6
Suppose -27*b + 120 = -15*b. Calculate the remainder when 35 is divided by b.
5
Suppose 3*f - 38 = 10. Calculate the remainder when f is divided by (-6 - -16)/((-6)/3) + 16.
5
Let t be (-84)/(-1*2/8). Suppose 0*x - t = -4*x. Let l = -60 + x. What is the remainder when l is divided by 9?
6
Suppose -57 = -o - 2*o. Let h be ((-4)/(-10))/((-9)/5 + 2). Suppose -h*u - u = -3*j + 39, o = j + 2*u. Calculate the remainder when 42 is divided by j.
12
Let o be 182/(-98) - 1/7. Let c(x) = 33*x**2 + x - 1. Calculate the remainder when c(o) is divided by 34.
27
Calculate the remainder when (352/(-220))/((-1)/10) is divided by 13.
3
Suppose -7*r = -1275 + 1205. Calculate the remainder when 339 is divided by r.
9
Suppose -3*f = -5*f - 14. Let t = f + 10. Let h = t + -2. What is the remainder when h is divided by 1?
0
Let k = -2312 + 2321. What is the remainder when 428/18 - (-4)/18 is divided by k?
6
Suppose -12*m + 23*m = 319. Suppose -5*l = -14 + 89. Let v = l + 26. What is the remainder when m is divided by v?
7
Let c(t) = t**3 - 20*t**2 - 41*t - 45. Let n be c(22). Let b(q) = -q + 35. Calculate the remainder when 40 is divided by b(n).
12
Let d(j) = -2*j - 36. Let v be d(-18). Suppose -t + 9 + 17 = v. What is the remainder when 97 is divided by t?
19
Let z = 22 + -32. Calculate the remainder when (z/25)/(2/(-60)) is divided by 7.
5
What is the remainder when 103784/136 - (-10)/(-85) is divided by 24?
19
Let c(v) = v**2 - 7*v. Let n be c(7). Let w = 9 + n. Let b = w - -14. What is the remainder when 89 is divided by b?
20
Let w(x) = x**3 + 10*x**2 - 54*x - 97. Calculate the remainder when w(-12) is divided by 68.
59
Let b(n) = -45*n + 721. Calculate the remainder when 135 is divided by b(15).
43
Suppose -31*w + 15*w + 480 = 0. What is the remainder when 146 is divided by w?
26
Let i = 24 + 1. Calculate the remainder when 299 is divided by i.
24
Let t(u) = 16*u - 49. What is the remainder when t(20) is divided by 34?
33
Suppose 0 = 8*q - 65 - 7. What is the remainder when (-3 - (-2 + -3))*17 is divided by q?
7
Let s(p) = p**3 + 2*p**2 - 2*p + 1. Calculate the remainder when 10/(25/15 - 1) is divided by s(1).
1
Let w = -197 + 202. What is the remainder when 119 is divided by w?
4
Let l(t) = -t**2 + 13*t - 19. Let g be l(10). Suppose g*o = 60 + 160. What is the remainder when 77 is divided by o?
17
Let k(l) = 2*l**2 + 6*l - 8. Let v be k(-6). Let h = 50 - v. Calculate the remainder when h is divided by (-7 - -25)*4/6.
10
Calculate the remainder when (-5319)/(-12) + 3/4 + 0 is divided by 89.
88
Suppose 5*u - 1 = 2*t + 34, -4*u - 2*t + 46 = 0. Suppose -3 + 39 = u*c. Calculate the remainder when 27 is divided by c.
3
Suppose -4*q + 109 = -55. Let b(r) = 2*r - 3. Suppose z + 1 - 13 = 0. What is the remainder when q is divided by b(z)?
20
Let i be -2*(263/2 + 0). Let x = -158 - i. Calculate the remainder when x is divided by 36.
33
Let u(q) = -q**3 + 10*q**2 - 21*q + 12. What is the remainder when 31 is divided by u(7)?
7
Suppose -3*d + 6*h - 8*h = -681, 0 = 2*d + h - 453. What is the remainder when d is divided by 19?
16
Let n(v) = v**2 - 4*v + 10. Let l be n(4). Suppose 2*g = -o + l, -3*o + g = -3*g - 70. What is the remainder when 47 is divided by o?
11
Let g = -236 + 427. Suppose 8*c - 3*c + 4*z - g = 0, 3*c - 122 = 5*z. Let w(q) = -3*q - 1. What is the remainder when c is divided by w(-5)?
11
What is the remainder when -3 - 13/(-4) - (-6950)/40 is divided by 44?
42
What is the remainder when (290/(-5))/(-2) + 0 + -1 is divided by 20?
8
Let w = 26 + -7. Suppose 12*s - 35 = 49. What is the remainder when w is divided by s?
5
Suppose -3*s = 2*p + 28, -4 = -2*p + 4. Suppose -3*c - 12 = -2*n, -2*n - 20 = -4*n - c. Calcula